vided by 11.
8
What is the remainder when 11653 is divided by 24?
13
What is the remainder when 105 is divided by 4?
1
What is the remainder when 781 is divided by 42?
25
Calculate the remainder when 167 is divided by 19.
15
Calculate the remainder when 187 is divided by 70.
47
Calculate the remainder when 1711 is divided by 22.
17
What is the remainder when 133 is divided by 105?
28
What is the remainder when 1716 is divided by 438?
402
What is the remainder when 84 is divided by 64?
20
What is the remainder when 768 is divided by 35?
33
What is the remainder when 235 is divided by 37?
13
What is the remainder when 83 is divided by 13?
5
What is the remainder when 329 is divided by 148?
33
What is the remainder when 194 is divided by 15?
14
Calculate the remainder when 22037 is divided by 38.
35
What is the remainder when 8073 is divided by 41?
37
What is the remainder when 48397 is divided by 51?
49
What is the remainder when 1449 is divided by 38?
5
Calculate the remainder when 106 is divided by 92.
14
Calculate the remainder when 674 is divided by 85.
79
Calculate the remainder when 5904 is divided by 32.
16
What is the remainder when 3100 is divided by 29?
26
What is the remainder when 173 is divided by 58?
57
Calculate the remainder when 57 is divided by 15.
12
Calculate the remainder when 2080 is divided by 69.
10
Calculate the remainder when 424 is divided by 131.
31
Calculate the remainder when 96 is divided by 28.
12
What is the remainder when 1713 is divided by 9?
3
Calculate the remainder when 404 is divided by 102.
98
What is the remainder when 868 is divided by 67?
64
Calculate the remainder when 533 is divided by 447.
86
What is the remainder when 190 is divided by 8?
6
Calculate the remainder when 151 is divided by 56.
39
What is the remainder when 89 is divided by 8?
1
Calculate the remainder when 148 is divided by 27.
13
Calculate the remainder when 46 is divided by 7.
4
What is the remainder when 229 is divided by 44?
9
Calculate the remainder when 3249 is divided by 41.
10
Calculate the remainder when 462 is divided by 116.
114
What is the remainder when 1205 is divided by 235?
30
What is the remainder when 204 is divided by 19?
14
Calculate the remainder when 337 is divided by 75.
37
What is the remainder when 4280 is divided by 327?
29
Calculate the remainder when 150 is divided by 23.
12
Calculate the remainder when 135 is divided by 28.
23
What is the remainder when 507 is divided by 29?
14
Calculate the remainder when 317 is divided by 54.
47
Calculate the remainder when 938 is divided by 930.
8
What is the remainder when 1586 is divided by 15?
11
What is the remainder when 712 is divided by 7?
5
What is the remainder when 188 is divided by 28?
20
Calculate the remainder when 9 is divided by 7.
2
What is the remainder when 563 is divided by 63?
59
What is the remainder when 204 is divided by 41?
40
Calculate the remainder when 2506 is divided by 76.
74
Calculate the remainder when 607 is divided by 8.
7
What is the remainder when 85 is divided by 73?
12
Calculate the remainder when 1752 is divided by 349.
7
Calculate the remainder when 229 is divided by 8.
5
Calculate the remainder when 327 is divided by 82.
81
What is the remainder when 83 is divided by 50?
33
Calculate the remainder when 141 is divided by 74.
67
Calculate the remainder when 2624 is divided by 18.
14
What is the remainder when 20863 is divided by 77?
73
Calculate the remainder when 190 is divided by 12.
10
What is the remainder when 7206 is divided by 103?
99
What is the remainder when 4258 is divided by 142?
140
Calculate the remainder when 4830 is divided by 9.
6
What is the remainder when 2489 is divided by 823?
20
What is the remainder when 2495 is divided by 34?
13
What is the remainder when 33 is divided by 7?
5
What is the remainder when 331 is divided by 28?
23
What is the remainder when 307 is divided by 28?
27
What is the remainder when 505 is divided by 41?
13
Calculate the remainder when 30 is divided by 17.
13
Calculate the remainder when 1521 is divided by 62.
33
What is the remainder when 149 is divided by 30?
29
Calculate the remainder when 526 is divided by 36.
22
What is the remainder when 144 is divided by 52?
40
Calculate the remainder when 84 is divided by 66.
18
What is the remainder when 1807 is divided by 10?
7
Calculate the remainder when 73 is divided by 15.
13
What is the remainder when 718 is divided by 12?
10
What is the remainder when 381 is divided by 8?
5
Calculate the remainder when 161 is divided by 61.
39
Calculate the remainder when 193 is divided by 101.
92
What is the remainder when 11 is divided by 6?
5
What is the remainder when 405 is divided by 194?
17
Calculate the remainder when 1561 is divided by 194.
9
Calculate the remainder when 186 is divided by 21.
18
What is the remainder when 515 is divided by 6?
5
Calculate the remainder when 30327 is divided by 6.
3
What is the remainder when 262 is divided by 16?
6
Calculate the remainder when 363 is divided by 105.
48
Calculate the remainder when 1529 is divided by 736.
57
What is the remainder when 3790 is divided by 61?
8
What is the remainder when 2375 is divided by 198?
197
What is the remainder when 106 is divided by 14?
8
Calculate the remainder when 425 is divided by 108.
101
Calculate the remainder when 783 is divided by 16.
15
What is the remainder when 55 is divided by 40?
15
What is the remainder when 804 is divided by 149?
59
What is the remainder when 88 is divided by 7?
4
Calculate the remainder when 570 is divided by 41.
37
Calculate the remainder when 353 is divided by 16.
1
What is the remainder when 46 is divided by 26?
20
Calculate the remainder when 93 is divided by 70.
23
Calculate the remainder when 2672 is divided by 1.
0
What is the remainder when 2529 is divided by 17?
13
Calculate the remainder when 86 is divided by 10.
6
What is the remainder when 419 is divided by 43?
32
What is the remainder when 132 is divided by 69?
63
Calculate the remainder when 5146 is divided by 25.
21
What is the remainder when 212 is divided by 68?
8
Calculate the remainder when 60 is divided by 17.
9
What is the remainder when 174 is divided by 22?
20
What is the remainder when 297 is divided by 79?
60
Calculate the remainder when 364 is divided by 41.
36
What is the remainder when 259 is divided by 123?
13
Calculate the remainder when 864 is divided by 10.
4
What is the remainder when 284 is divided by 43?
26
Calculate the remainder when 1444 is divided by 471.
31
Calculate the remainder when 249 is divided by 33.
18
Calculate the remainder when 193 is divided by 74.
45
Calculate the remainder when 2469 is divided by 5.
4
Calculate the remainder when 93 is divided by 21.
9
What is the remainder when 951 is divided by 17?
16
Calculate the remainder when 419 is divided by 130.
29
Calculate the remainder when 44 is divided by 8.
4
Calculate the remainder when 726 is divided by 35.
26
Calculate the remainder when 351 is divided by 60.
51
What is the remainder when 1113 is divided by 431?
251
What is the remainder when 691 is divided by 100?
91
What is the remainder when 1022 is divided by 16?
14
What is the remainder when 17 is divided by 2?
1
What is the remainder when 3248 is divided by 19?
18
Calculate the remainder when 81 is divided by 14.
11
What is the remainder when 1001 is divided by 67?
63
Calculate the remainder when 2322 is divided by 192.
18
What is the remainder when 277 is divided by 48?
37
Calculate the remainder when 415 is divided by 16.
15
What is the remainder when 354 is divided by 12?
6
What is the remainder when 67 is divided by 24?
19
Calculate the remainder when 1370 is divided by 385.
215
What is the remainder when 1240 is divided by 178?
172
Calculate the remainder when 102 is divided by 4.
2
Calculate the remainder when 186 is divided by 27.
24
What is the remainder when 20 is divided by 14?
6
What is the remainder when 1681 is divided by 99?
97
Calculate the remainder when 130 is divided by 63.
4
Calculate the remainder when 184 is divided by 36.
4
What is the remainder when 48 is divided by 32?
16
Calculate the remainder when 4926 is divided by 7.
5
Calculate the remainder when 532 is divided by 262.
8
What is the remainder whe